{"id":245,"date":"2023-04-19T16:02:39","date_gmt":"2023-04-19T14:02:39","guid":{"rendered":"https:\/\/mediversal-vision.roi.dev\/?post_type=mediversal-gyik&#038;p=245"},"modified":"2025-08-01T14:32:55","modified_gmt":"2025-08-01T12:32:55","slug":"mire-figyeljek-a-szemmutet-utan","status":"publish","type":"mediversal-gyik","link":"https:\/\/mediversalvision.hu\/ro\/mediversal-gyik\/mire-figyeljek-a-szemmutet-utan\/","title":{"rendered":"\u00cen leg\u0103tur\u0103 cu ce trebuie s\u0103 fim aten\u021bi dup\u0103 interven\u021bie?"},"content":{"rendered":"<p>Este important s\u0103 v\u0103 aminti\u021bi c\u0103 procesul laser de corec\u021bie a vederii nu ia sf\u00e2r\u0219it odat\u0103 cu opera\u021bia. \u00cengrijirea acordat\u0103 ulterior este foarte important\u0103, ceea ce presupune urm\u0103toarele:<\/p>\n\n\n\n<ul class=\"wp-block-list\">\n<li>utiliza\u021bi pic\u0103turile de ochi oferite de oftalmolog;<\/li>\n\n\n\n<li>purta\u021bi ochelari de soare cu filtru UV timp de 3 p\u00e2n\u0103 la 6 luni dup\u0103 interven\u021bie, c\u00e2nd ie\u0219i\u021bi din cas\u0103;<\/li>\n\n\n\n<li>veni\u021bi la clinic\u0103 pentru vizitele de urm\u0103rire;<\/li>\n\n\n\n<li>evita\u021bi mediile cu praf \u0219i alte surse de infec\u021bie poten\u021bial\u0103 (cum ar fi apa din piscin\u0103, apa din baie \u0219i obiectele contaminate) \u00een primele s\u0103pt\u0103m\u00e2ni dup\u0103 opera\u021bie;<\/li>\n\n\n\n<li>nu trebuie s\u0103 v\u0103 freca\u021bi la ochi timp de 3 luni dup\u0103 opera\u021bie, deoarece ar putea cauza deplasarea lamboului, put\u00e2nd rezulta micro-cute \u0219i afectarea vederii. V\u0103 recomand\u0103m s\u0103 utiliza\u021bi ochelarii de protec\u021bie primi\u021bi dup\u0103 opera\u021bie \u00een prima s\u0103pt\u0103m\u00e2n\u0103 pentru a preveni deplasarea lamboului.<br>Sarcinile ar trebui programate \u00een cel pu\u021bin 3 luni dup\u0103 opera\u021bie.<\/li>\n<\/ul>","protected":false},"featured_media":0,"menu_order":0,"template":"","meta":{"_acf_changed":false,"footnotes":""},"categories":[6],"class_list":["post-245","mediversal-gyik","type-mediversal-gyik","status-publish","hentry","category-lezeres-szemmutet"],"acf":[],"_links":{"self":[{"href":"https:\/\/mediversalvision.hu\/ro\/wp-json\/wp\/v2\/mediversal-gyik\/245","targetHints":{"allow":["GET"]}}],"collection":[{"href":"https:\/\/mediversalvision.hu\/ro\/wp-json\/wp\/v2\/mediversal-gyik"}],"about":[{"href":"https:\/\/mediversalvision.hu\/ro\/wp-json\/wp\/v2\/types\/mediversal-gyik"}],"version-history":[{"count":2,"href":"https:\/\/mediversalvision.hu\/ro\/wp-json\/wp\/v2\/mediversal-gyik\/245\/revisions"}],"predecessor-version":[{"id":680,"href":"https:\/\/mediversalvision.hu\/ro\/wp-json\/wp\/v2\/mediversal-gyik\/245\/revisions\/680"}],"wp:attachment":[{"href":"https:\/\/mediversalvision.hu\/ro\/wp-json\/wp\/v2\/media?parent=245"}],"wp:term":[{"taxonomy":"category","embeddable":true,"href":"https:\/\/mediversalvision.hu\/ro\/wp-json\/wp\/v2\/categories?post=245"}],"curies":[{"name":"wp","href":"https:\/\/api.w.org\/{rel}","templated":true}]}}

În legătură cu ce trebuie să fim atenți după intervenție?

<p>Este important să vă amintiți că procesul laser de corecție a vederii nu ia sfârșit odată cu operația. Îngrijirea acordată ulterior este foarte importantă, ceea ce presupune următoarele:</p>



<ul class="wp-block-list">
<li>utilizați picăturile de ochi oferite de oftalmolog;</li>



<li>purtați ochelari de soare cu filtru UV timp de 3 până la 6 luni după intervenție, când ieșiți din casă;</li>



<li>veniți la clinică pentru vizitele de urmărire;</li>



<li>evitați mediile cu praf și alte surse de infecție potențială (cum ar fi apa din piscină, apa din baie și obiectele contaminate) în primele săptămâni după operație;</li>



<li>nu trebuie să vă frecați la ochi timp de 3 luni după operație, deoarece ar putea cauza deplasarea lamboului, putând rezulta micro-cute și afectarea vederii. Vă recomandăm să utilizați ochelarii de protecție primiți după operație în prima săptămână pentru a preveni deplasarea lamboului.<br>Sarcinile ar trebui programate în cel puțin 3 luni după operație.</li>
</ul>
