{"id":256,"date":"2023-04-19T16:00:18","date_gmt":"2023-04-19T14:00:18","guid":{"rendered":"https:\/\/mediversal-vision.roi.dev\/?post_type=mediversal-gyik&#038;p=256"},"modified":"2025-08-01T14:33:13","modified_gmt":"2025-08-01T12:33:13","slug":"mi-a-kulonbseg-a-prk-es-a-lasik-mutetek-kozott","status":"publish","type":"mediversal-gyik","link":"https:\/\/mediversalvision.hu\/ro\/mediversal-gyik\/mi-a-kulonbseg-a-prk-es-a-lasik-mutetek-kozott\/","title":{"rendered":"Care este diferen\u021ba \u00eentre opera\u021biile PRK \u0219i Femto-LASIK?"},"content":{"rendered":"<p><br>Tratamentul PRK (keratectomie fotorefractiv\u0103) este cea mai veche tehnologie \u00eenc\u0103 folosit\u0103. \u00cen PRK, oftalmologul \u00eendep\u0103rteaz\u0103 epiteliul cornean \u0219i apoi utilizeaz\u0103 laserul pentru a modifica \u021besutul cornean. Aceasta modific\u0103 dioptriile ochiului.<\/p>\n\n\n\n<p>\u00cen opera\u021biile Femto-LASIK, epiteliul nu este \u00eendep\u0103rtat; se face o mic\u0103 incizie pe suprafa\u021ba cornean\u0103, care permite laserului de corectare s\u0103 p\u0103trund\u0103 \u00een \u021besutul cornean.<\/p>","protected":false},"featured_media":0,"menu_order":0,"template":"","meta":{"_acf_changed":false,"footnotes":""},"categories":[6],"class_list":["post-256","mediversal-gyik","type-mediversal-gyik","status-publish","hentry","category-lezeres-szemmutet"],"acf":[],"_links":{"self":[{"href":"https:\/\/mediversalvision.hu\/ro\/wp-json\/wp\/v2\/mediversal-gyik\/256","targetHints":{"allow":["GET"]}}],"collection":[{"href":"https:\/\/mediversalvision.hu\/ro\/wp-json\/wp\/v2\/mediversal-gyik"}],"about":[{"href":"https:\/\/mediversalvision.hu\/ro\/wp-json\/wp\/v2\/types\/mediversal-gyik"}],"version-history":[{"count":3,"href":"https:\/\/mediversalvision.hu\/ro\/wp-json\/wp\/v2\/mediversal-gyik\/256\/revisions"}],"predecessor-version":[{"id":671,"href":"https:\/\/mediversalvision.hu\/ro\/wp-json\/wp\/v2\/mediversal-gyik\/256\/revisions\/671"}],"wp:attachment":[{"href":"https:\/\/mediversalvision.hu\/ro\/wp-json\/wp\/v2\/media?parent=256"}],"wp:term":[{"taxonomy":"category","embeddable":true,"href":"https:\/\/mediversalvision.hu\/ro\/wp-json\/wp\/v2\/categories?post=256"}],"curies":[{"name":"wp","href":"https:\/\/api.w.org\/{rel}","templated":true}]}}

Care este diferența între operațiile PRK și Femto-LASIK?

<p><br>Tratamentul PRK (keratectomie fotorefractivă) este cea mai veche tehnologie încă folosită. În PRK, oftalmologul îndepărtează epiteliul cornean și apoi utilizează laserul pentru a modifica țesutul cornean. Aceasta modifică dioptriile ochiului.</p>



<p>În operațiile Femto-LASIK, epiteliul nu este îndepărtat; se face o mică incizie pe suprafața corneană, care permite laserului de corectare să pătrundă în țesutul cornean.</p>
