{"id":245,"date":"2023-04-19T16:02:39","date_gmt":"2023-04-19T14:02:39","guid":{"rendered":"https:\/\/mediversal-vision.roi.dev\/?post_type=mediversal-gyik&#038;p=245"},"modified":"2025-08-01T14:32:55","modified_gmt":"2025-08-01T12:32:55","slug":"mire-figyeljek-a-szemmutet-utan","status":"publish","type":"mediversal-gyik","link":"https:\/\/mediversalvision.hu\/sr\/mediversal-gyik\/mire-figyeljek-a-szemmutet-utan\/","title":{"rendered":"Na \u0161ta treba da pazim nakon operacije o\u010diju?"},"content":{"rendered":"<p>Va\u017eno je da ne zaboravite da se proces korekcije vida laserom ne zavr\u0161ava operacijom. Postoperativna nega je veoma va\u017ena, a ona podrazumeva slede\u0107e:<\/p>\n\n\n\n<ul class=\"wp-block-list\">\n<li>kori\u0161\u0107enje kapi za o\u010di koje vam da oftalmolog;<\/li>\n\n\n\n<li>no\u0161enje nao\u010dara za sunce sa UV filterom tokom 3 do 6 meseci nakon operacije kada ste napolju,<\/li>\n\n\n\n<li>dolazak na kliniku na kontrolne posete;<\/li>\n\n\n\n<li>sklanjanje od pra\u0161njavih podru\u010dja i drugih izvora potencijalne infekcije (kao \u0161to su voda iz bazena, kade i predmeti kontaminirani prljav\u0161tinom) u prvim nedeljama nakon operacije;<\/li>\n\n\n\n<li>ne smete da trljate o\u010di 3 meseca nakon operacije jer to mo\u017ee da izazove pomeranje re\u017enja \u0161to potencijalno mo\u017ee da izazove mikronaboranost i o\u0161te\u0107enje vida. Preporu\u010dujemo da koristite za\u0161titne nao\u010dare koje dobijete nakon operacije tokom prve nedelje da bi se spre\u010dilo pomeranje re\u017enja.<br>Trudno\u0107u treba planirati najmanje 3 meseca nakon operacije.<\/li>\n<\/ul>","protected":false},"featured_media":0,"menu_order":0,"template":"","meta":{"_acf_changed":false,"footnotes":""},"categories":[6],"class_list":["post-245","mediversal-gyik","type-mediversal-gyik","status-publish","hentry","category-lezeres-szemmutet"],"acf":[],"_links":{"self":[{"href":"https:\/\/mediversalvision.hu\/sr\/wp-json\/wp\/v2\/mediversal-gyik\/245","targetHints":{"allow":["GET"]}}],"collection":[{"href":"https:\/\/mediversalvision.hu\/sr\/wp-json\/wp\/v2\/mediversal-gyik"}],"about":[{"href":"https:\/\/mediversalvision.hu\/sr\/wp-json\/wp\/v2\/types\/mediversal-gyik"}],"version-history":[{"count":2,"href":"https:\/\/mediversalvision.hu\/sr\/wp-json\/wp\/v2\/mediversal-gyik\/245\/revisions"}],"predecessor-version":[{"id":680,"href":"https:\/\/mediversalvision.hu\/sr\/wp-json\/wp\/v2\/mediversal-gyik\/245\/revisions\/680"}],"wp:attachment":[{"href":"https:\/\/mediversalvision.hu\/sr\/wp-json\/wp\/v2\/media?parent=245"}],"wp:term":[{"taxonomy":"category","embeddable":true,"href":"https:\/\/mediversalvision.hu\/sr\/wp-json\/wp\/v2\/categories?post=245"}],"curies":[{"name":"wp","href":"https:\/\/api.w.org\/{rel}","templated":true}]}}

Na šta treba da pazim nakon operacije očiju?

<p>Važno je da ne zaboravite da se proces korekcije vida laserom ne završava operacijom. Postoperativna nega je veoma važna, a ona podrazumeva sledeće:</p>



<ul class="wp-block-list">
<li>korišćenje kapi za oči koje vam da oftalmolog;</li>



<li>nošenje naočara za sunce sa UV filterom tokom 3 do 6 meseci nakon operacije kada ste napolju,</li>



<li>dolazak na kliniku na kontrolne posete;</li>



<li>sklanjanje od prašnjavih područja i drugih izvora potencijalne infekcije (kao što su voda iz bazena, kade i predmeti kontaminirani prljavštinom) u prvim nedeljama nakon operacije;</li>



<li>ne smete da trljate oči 3 meseca nakon operacije jer to može da izazove pomeranje režnja što potencijalno može da izazove mikronaboranost i oštećenje vida. Preporučujemo da koristite zaštitne naočare koje dobijete nakon operacije tokom prve nedelje da bi se sprečilo pomeranje režnja.<br>Trudnoću treba planirati najmanje 3 meseca nakon operacije.</li>
</ul>
